umber?
True
Is 30407993607 a composite number?
True
Is 1170329633 a prime number?
False
Is 350087 a prime number?
True
Is 219291945865 composite?
True
Is 18063564731 a composite number?
False
Is 23843728313 a composite number?
False
Is 612728651 prime?
False
Is 18963367 prime?
False
Is 124949984963 a prime number?
False
Is 553672481 a prime number?
True
Is 1247136389 prime?
False
Is 10140958013 composite?
True
Is 23860876069 a prime number?
True
Is 13478279987 a prime number?
True
Is 2381416019 composite?
True
Is 24190543939 composite?
True
Is 44392963007 prime?
False
Is 333742433 a composite number?
True
Is 1453879391 composite?
False
Is 34664115949 a composite number?
False
Is 822287437 a prime number?
False
Is 460698431 a composite number?
True
Is 211331545967 composite?
True
Is 29702713 composite?
False
Is 725781503 a prime number?
True
Is 326743939 prime?
False
Is 16445108639 a composite number?
False
Is 509885393 prime?
True
Is 6632306957 a prime number?
True
Is 76200937 composite?
False
Is 131089125019 composite?
False
Is 2132549929 a composite number?
False
Is 11102126095 composite?
True
Is 5065537171 a composite number?
True
Is 5928878261 composite?
True
Is 1218520573 a composite number?
False
Is 243261329 a prime number?
False
Is 10590278981 composite?
False
Is 2092715483 a prime number?
True
Is 148329019 composite?
False
Is 8160834731 prime?
False
Is 22492378121 composite?
False
Is 147571637 prime?
True
Is 3750370471 a prime number?
False
Is 3137071981 a prime number?
True
Is 2128009577 a composite number?
True
Is 802142027 prime?
True
Is 7291152997 a prime number?
True
Is 3606525631 composite?
True
Is 1825654991 a prime number?
False
Is 96797383253 composite?
True
Is 14199296147 a composite number?
False
Is 751843873 a composite number?
True
Is 175115937797 a composite number?
True
Is 15697326647 prime?
False
Is 7440353341 a composite number?
False
Is 215800709 prime?
True
Is 165071159219 prime?
True
Is 1438763609 a composite number?
False
Is 696307691 a composite number?
False
Is 5731799699 a prime number?
True
Is 116855938 a prime number?
False
Is 57692953291 a prime number?
True
Is 6317737537 a prime number?
False
Is 1828905139 a prime number?
False
Is 1979506471 a prime number?
False
Is 2911076593 a prime number?
False
Is 2272928797 a composite number?
True
Is 1072384051 a prime number?
False
Is 5402341963 a composite number?
True
Is 736788813 prime?
False
Is 3253357787 a prime number?
False
Is 827106713 composite?
True
Is 1567083491 prime?
True
Is 7328138723 composite?
True
Is 3167781527 composite?
False
Is 2453247791 composite?
True
Is 72076553729 composite?
False
Is 793180489 composite?
False
Is 884955263 prime?
True
Is 5122182541 prime?
False
Is 19692646301 a composite number?
True
Is 101689501343 a composite number?
True
Is 2022652573 a prime number?
False
Is 1481388289 a composite number?
True
Is 3348235351 a prime number?
False
Is 16375401923 prime?
True
Is 10284509773 a composite number?
True
Is 176339167 composite?
False
Is 2757977533 a prime number?
True
Is 21885576917 composite?
True
Is 233122739711 prime?
True
Is 34383955714 composite?
True
Is 11655337 a composite number?
False
Is 1674494131 prime?
False
Is 4755205709 prime?
True
Is 8148922783 a prime number?
False
Is 355424117 a prime number?
False
Is 3167681167 a prime number?
False
Is 208243117 a composite number?
True
Is 17675695291 a composite number?
True
Is 62397659 a composite number?
False
Is 293542967 a prime number?
False
Is 1595177341 a prime number?
False
Is 18429614057 composite?
True
Is 486812407 composite?
False
Is 2465878409 prime?
True
Is 427868269 prime?
True
Is 25171402807 a composite number?
True
Is 1746823057 a composite number?
True
Is 3045589051 composite?
True
Is 265441907 composite?
False
Is 56642368669 composite?
False
Is 190786507 composite?
False
Is 11959535603 composite?
False
Is 1596855767 a composite number?
True
Is 29998210973 a prime number?
False
Is 3675906373 prime?
False
Is 9045547309 composite?
False
Is 11963528173 a composite number?
False
Is 4319768417 composite?
False
Is 862920437 a composite number?
False
Is 3419239 a composite number?
False
Is 97957620221 a prime number?
True
Is 151082455 composite?
True
Is 365294141 prime?
False
Is 1470746021 a composite number?
False
Is 2169984337 prime?
True
Is 1067619233 a composite number?
True
Is 399816721 a composite number?
False
Is 2382688237 a composite number?
True
Is 2585334979 a prime number?
False
Is 14214744689 a composite number?
False
Is 44868023 composite?
False
Is 67297918271 a composite number?
False
Is 221142320393 composite?
False
Is 14642282651 prime?
True
Is 305670793 a composite number?
False
Is 183072439709 a composite number?
False
Is 1401741217 a prime number?
False
Is 85004473 prime?
False
Is 37397440397 prime?
True
Is 3344726963 prime?
True
Is 103999955993 a prime number?
False
Is 1554338479 a composite number?
True
Is 141294007219 a prime number?
False
Is 1699354021 a prime number?
True
Is 2337353923 composite?
True
Is 1924244593 composite?
False
Is 18146856219 a composite number?
True
Is 1365471389 prime?
True
Is 150720343393 a composite number?
True
Is 15177242141 a prime number?
True
Is 77582299007 a prime number?
True
Is 11685718337 a prime number?
True
Is 23997706721 composite?
False
Is 3805384133 a composite number?
True
Is 1140124841 a prime number?
False
Is 7080318497 a composite number?
True
Is 117408821 a prime number?
False
Is 1029139441 composite?
True
Is 7111765951 composite?
False
Is 5315768827 composite?
True
Is 6299105531 composite?
True
Is 889820651 composite?
True
Is 41441085139 a prime number?
False
Is 712075231 prime?
False
Is 973959269 composite?
False
Is 143776489 a prime number?
True
Is 20051812489 composite?
False
Is 99550400747 a prime number?
False
Is 91036572217 prime?
True
Is 32320194871 a composite number?
True
Is 26745929471 a prime number?
True
Is 1915502857 composite?
True
Is 196112599 composite?
False
Is 26949857863 composite?
False
Is 27407868377 composite?
False
Is 6493728859 a composite number?
True
Is 238156837 composite?
True
Is 1427338901 a prime number?
True
Is 32159848339 prime?
False
Is 7869865739 a composite number?
False
Is 30314639 a composite number?
False
Is 863367833 a composite number?
False
Is 3383867033 composite?
True
Is 630749123 composite?
False
Is 139069464697 prime?
False
Is 4652623 a composite number?
False
Is 831978626 composite?
True
Is 370106131 a composite number?
True
Is 3837243017 a composite number?
False
Is 341644999 a composite number?
False
Is 1162609131 prime?
False
Is 24364056107 prime?
False
Is 6368330593 a composite number?
True
Is 3321139607 a prime number?
True
Is 5912883133 composite?
True
Is 858974027 composite?
True
Is 25099231121 prime?
True
Is 775363773 composite?
True
Is 78241634951 prime?
True
Is 3589307531 a composite number?
False
Is 5255670851 a prime number?
True
Is 533920227 a prime number?
False
Is 2043614851 a prime number?
False
Is 2340228487 a composite number?
False
Is 1039756537 a prime number?
True
Is 6195094657 prime?
False
Is 9855024827 prime?
True
Is 502641949 a composite number?
True
Is 323371723 composite?
False
Is 1807514719 composite?
False
Is 5371838831 a composite number?
False
Is 159445684985 prime?
False
Is 990726641 composite?
False
Is 7129553953 composite?
False
Is 3910335307 a prime number?
True
Is 19734660761 composite?
False
Is 3992878613 composite?
False
Is 3347041777 prime?
False
Is 29553584737 prime?
False
Is 1746604105 a prime number?
False
Is 618668903 composite?
True
Is 632466853 prime?
False
Is 2898091667 prime?
False
Is 54587469029 prime?
True
Is 46475171 composite?
False
Is 17438371771 a composite number?
True
Is 241337914369 a composite number?
False
Is 96610429 a composite number?
False
Is 53901126091 a prime number?
True
Is 29416512017 prime?
True
Is 24022221137 a composite number?
True
Is 5800407887 composite?
True
Is 144845599 prime?
True
Is 20314221853 prime?
False
Is 546089867 prime?
True
Is 18789684821 composite?
True
Is 6863062727 a composite number?
False
Is 826654783 composite?
False
Is 7005899057 a composite number?
True
Is 13221102077 composite?
False
Is 11136280791 prime?
False
Is 96092591659 prime?
False
Is 616511839 composit